git of 1533037?
5
What is the hundred thousands digit of 279804?
2
What is the ten millions digit of 34081280?
3
What is the units digit of 602579?
9
What is the ten thousands digit of 360981?
6
What is the units digit of 699850?
0
What is the ten thousands digit of 152121?
5
What is the ten thousands digit of 796356?
9
What is the thousands digit of 829946?
9
What is the tens digit of 5827977?
7
What is the hundred thousands digit of 180795?
1
What is the ten thousands digit of 1173021?
7
What is the units digit of 9983814?
4
What is the thousands digit of 555209?
5
What is the hundreds digit of 307566?
5
What is the tens digit of 20021301?
0
What is the hundred thousands digit of 4385447?
3
What is the units digit of 5523529?
9
What is the units digit of 4450154?
4
What is the ten thousands digit of 303675?
0
What is the units digit of 417126?
6
What is the hundreds digit of 393287?
2
What is the thousands digit of 24933894?
3
What is the hundred thousands digit of 531695?
5
What is the hundred thousands digit of 3667780?
6
What is the millions digit of 3142988?
3
What is the thousands digit of 299157?
9
What is the hundreds digit of 296708?
7
What is the hundred thousands digit of 188417?
1
What is the units digit of 2543896?
6
What is the millions digit of 1262056?
1
What is the thousands digit of 921128?
1
What is the ten thousands digit of 358007?
5
What is the units digit of 4072868?
8
What is the ten thousands digit of 549873?
4
What is the hundreds digit of 144794?
7
What is the thousands digit of 701469?
1
What is the units digit of 29321241?
1
What is the hundreds digit of 142171?
1
What is the tens digit of 3111093?
9
What is the hundred thousands digit of 697919?
6
What is the tens digit of 65825?
2
What is the ten thousands digit of 334260?
3
What is the millions digit of 13728077?
3
What is the hundreds digit of 7938924?
9
What is the hundreds digit of 499173?
1
What is the units digit of 45850?
0
What is the thousands digit of 102191?
2
What is the ten thousands digit of 3262327?
6
What is the thousands digit of 150369?
0
What is the hundreds digit of 610430?
4
What is the tens digit of 1385925?
2
What is the hundreds digit of 63069?
0
What is the ten thousands digit of 1174572?
7
What is the hundred thousands digit of 6698728?
6
What is the tens digit of 10676255?
5
What is the ten thousands digit of 1113548?
1
What is the units digit of 242710?
0
What is the units digit of 2633585?
5
What is the hundred thousands digit of 4311280?
3
What is the ten millions digit of 18834252?
1
What is the millions digit of 3992402?
3
What is the hundred thousands digit of 1048243?
0
What is the hundreds digit of 1497099?
0
What is the units digit of 1776042?
2
What is the thousands digit of 579830?
9
What is the hundred thousands digit of 249840?
2
What is the tens digit of 4132656?
5
What is the thousands digit of 780328?
0
What is the thousands digit of 237762?
7
What is the tens digit of 350573?
7
What is the hundred thousands digit of 26163151?
1
What is the ten thousands digit of 21082?
2
What is the hundreds digit of 48951?
9
What is the units digit of 4058110?
0
What is the thousands digit of 1496073?
6
What is the tens digit of 2052827?
2
What is the hundreds digit of 259495?
4
What is the tens digit of 347078?
7
What is the units digit of 3854921?
1
What is the tens digit of 275240?
4
What is the thousands digit of 14313967?
3
What is the tens digit of 719903?
0
What is the hundreds digit of 371044?
0
What is the thousands digit of 171912?
1
What is the millions digit of 8168894?
8
What is the ten thousands digit of 10458920?
5
What is the hundreds digit of 8079?
0
What is the thousands digit of 24761?
4
What is the hundreds digit of 2432103?
1
What is the thousands digit of 666957?
6
What is the hundreds digit of 650131?
1
What is the units digit of 264071?
1
What is the hundred thousands digit of 6738296?
7
What is the hundred thousands digit of 3002756?
0
What is the ten thousands digit of 698620?
9
What is the units digit of 3149878?
8
What is the hundreds digit of 5365246?
2
What is the units digit of 1797826?
6
What is the units digit of 3109166?
6
What is the units digit of 49430?
0
What is the tens digit of 200635?
3
What is the thousands digit of 13385539?
5
What is the hundreds digit of 206656?
6
What is the hundreds digit of 8153677?
6
What is the millions digit of 7531424?
7
What is the tens digit of 291043?
4
What is the millions digit of 31041741?
1
What is the units digit of 2174842?
2
What is the tens digit of 723268?
6
What is the millions digit of 5849571?
5
What is the ten millions digit of 12836936?
1
What is the units digit of 34847?
7
What is the tens digit of 6874174?
7
What is the ten thousands digit of 19090273?
9
What is the ten thousands digit of 9684871?
8
What is the units digit of 700398?
8
What is the thousands digit of 4928310?
8
What is the hundreds digit of 25089?
0
What is the hundreds digit of 273232?
2
What is the units digit of 3027154?
4
What is the thousands digit of 55683?
5
What is the ten thousands digit of 189465?
8
What is the units digit of 549973?
3
What is the thousands digit of 367353?
7
What is the ten thousands digit of 1199044?
9
What is the ten thousands digit of 7512922?
1
What is the hundred thousands digit of 1724979?
7
What is the tens digit of 721815?
1
What is the thousands digit of 80885?
0
What is the units digit of 205625?
5
What is the units digit of 466166?
6
What is the tens digit of 21005824?
2
What is the hundreds digit of 499778?
7
What is the tens digit of 133353?
5
What is the units digit of 653101?
1
What is the hundred thousands digit of 2258047?
2
What is the thousands digit of 3567235?
7
What is the ten thousands digit of 1900953?
0
What is the millions digit of 3712687?
3
What is the millions digit of 1787177?
1
What is the hundreds digit of 4918274?
2
What is the hundreds digit of 4209659?
6
What is the units digit of 2278624?
4
What is the tens digit of 812759?
5
What is the hundreds digit of 303706?
7
What is the hundred thousands digit of 203594?
2
What is the units digit of 599212?
2
What is the ten thousands digit of 1793386?
9
What is the hundred thousands digit of 824095?
8
What is the units digit of 5856467?
7
What is the ten thousands digit of 9815487?
1
What is the ten thousands digit of 751213?
5
What is the hundreds digit of 238780?
7
What is the thousands digit of 88393?
8
What is the ten thousands digit of 6537850?
3
What is the units digit of 1754850?
0
What is the hundred thousands digit of 1599630?
5
What is the thousands digit of 382985?
2
What is the hundreds digit of 350366?
3
What is the hundreds digit of 1122448?
4
What is the ten thousands digit of 14512670?
1
What is the ten thousands digit of 560064?
6
What is the units digit of 128418?
8
What is the hundred thousands digit of 586129?
5
What is the millions digit of 1561200?
1
What is the units digit of 31034831?
1
What is the millions digit of 1821927?
1
What is the hundred thousands digit of 777010?
7
What is the thousands digit of 3326356?
6
What is the units digit of 303591?
1
What is the hundreds digit of 6920604?
6
What is the hundred thousands digit of 250088?
2
What is the thousands digit of 5520439?
0
What is the hundred thousands digit of 2403483?
4
What is the ten millions digit of 20226828?
2
What is the units digit of 1262458?
8
What is the ten millions digit of 24102012?
2
What is the thousands digit of 12580?
2
What is the tens digit of 2819746?
4
What is the units digit of 213881?
1
What is the millions digit of 2968747?
2
What is the hundred thousands digit of 376990?
3
What is the units digit of 560733?
3
What is the units digit of 139472?
2
What is the millions digit of 6313334?
6
What is the hundreds digit of 570933?
9
What is the millions digit of 4529765?
4
What is the units digit of 8966121?
1
What is the hundred thousands digit of 2002757?
0
What is the tens digit of 83353?
5
What is the hundreds digit of 1485868?
8
What is the tens digit of 4308158?
5
What is the ten thousands digit of 1485511?
8
What is the units digit of 347397?
7
What is the ten thousands digit of 158994?
5
What is the thousands digit of 6375479?
5
What is the tens digit of 40039?
3
W